 the remainder when 2023709 is divided by 521.
145
Calculate the remainder when 4248090 is divided by 47.
42
Calculate the remainder when 18215798 is divided by 18215791.
7
Calculate the remainder when 596942 is divided by 596334.
608
Calculate the remainder when 3103098 is divided by 519.
516
Calculate the remainder when 48193928 is divided by 2601.
2600
What is the remainder when 330259 is divided by 417?
412
What is the remainder when 101698 is divided by 1302?
142
What is the remainder when 2387314 is divided by 1791?
1702
What is the remainder when 634598 is divided by 118?
112
Calculate the remainder when 932566 is divided by 2422.
96
What is the remainder when 99600 is divided by 615?
585
Calculate the remainder when 16095991 is divided by 329.
324
What is the remainder when 1054113749 is divided by 18?
17
Calculate the remainder when 2032123 is divided by 576.
571
Calculate the remainder when 4714234 is divided by 310.
64
What is the remainder when 745948123 is divided by 1313?
1311
Calculate the remainder when 76254 is divided by 1994.
482
What is the remainder when 70680 is divided by 6736?
3320
What is the remainder when 7085049 is divided by 2414?
2373
Calculate the remainder when 14528237 is divided by 4.
1
Calculate the remainder when 28725537 is divided by 7176.
9
Calculate the remainder when 47897 is divided by 11910.
257
Calculate the remainder when 258367 is divided by 258141.
226
Calculate the remainder when 4364744 is divided by 45.
14
What is the remainder when 279875996 is divided by 562?
558
What is the remainder when 1233320 is divided by 103?
101
What is the remainder when 1100603 is divided by 121?
108
What is the remainder when 2155463 is divided by 215478?
683
Calculate the remainder when 5801390 is divided by 1933715.
245
Calculate the remainder when 31047 is divided by 5746.
2317
Calculate the remainder when 476317 is divided by 33.
28
What is the remainder when 13695955 is divided by 612?
7
Calculate the remainder when 1765245 is divided by 5659.
5296
What is the remainder when 1583863 is divided by 482?
11
Calculate the remainder when 681950 is divided by 71.
66
Calculate the remainder when 1054165 is divided by 4356.
13
What is the remainder when 18396 is divided by 1228?
1204
Calculate the remainder when 319499454 is divided by 84.
78
Calculate the remainder when 29510 is divided by 14470.
570
What is the remainder when 16835821 is divided by 423?
421
Calculate the remainder when 7276247 is divided by 519731.
13
Calculate the remainder when 8509462 is divided by 292.
290
What is the remainder when 19171809 is divided by 79551?
18
What is the remainder when 69969829 is divided by 166?
165
Calculate the remainder when 26748923 is divided by 123.
113
Calculate the remainder when 144095 is divided by 55.
50
Calculate the remainder when 20462 is divided by 2463.
758
What is the remainder when 101044 is divided by 11172?
496
What is the remainder when 190950 is divided by 675?
600
What is the remainder when 420071 is divided by 210035?
1
Calculate the remainder when 5067491 is divided by 719.
698
Calculate the remainder when 1918798 is divided by 100.
98
What is the remainder when 94396224 is divided by 27?
12
Calculate the remainder when 438420 is divided by 217634.
3152
What is the remainder when 31157 is divided by 4400?
357
What is the remainder when 1087249 is divided by 706?
9
Calculate the remainder when 62379 is divided by 60858.
1521
What is the remainder when 6065251 is divided by 507?
10
Calculate the remainder when 86453318 is divided by 184.
182
What is the remainder when 580338 is divided by 193175?
813
Calculate the remainder when 6417600 is divided by 849.
9
Calculate the remainder when 4014294 is divided by 206.
178
What is the remainder when 580699 is divided by 18135?
379
What is the remainder when 188812 is divided by 554?
452
Calculate the remainder when 86956747 is divided by 99.
97
What is the remainder when 664515 is divided by 861?
684
Calculate the remainder when 11397402 is divided by 407050.
2
What is the remainder when 1332510 is divided by 666143?
224
What is the remainder when 6475780 is divided by 6635?
20
Calculate the remainder when 503840 is divided by 3293.
11
What is the remainder when 120905086 is divided by 40301693?
7
Calculate the remainder when 4046313 is divided by 89.
17
Calculate the remainder when 61692909 is divided by 6.
3
What is the remainder when 257371 is divided by 184?
139
Calculate the remainder when 7001450 is divided by 2.
0
What is the remainder when 124247 is divided by 40627?
2366
Calculate the remainder when 249962 is divided by 41599.
368
Calculate the remainder when 41944392 is divided by 199.
167
Calculate the remainder when 20638 is divided by 2644.
2130
Calculate the remainder when 12495068 is divided by 43.
42
Calculate the remainder when 482881 is divided by 496.
273
Calculate the remainder when 1762320 is divided by 220289.
8
Calculate the remainder when 351572 is divided by 99.
23
Calculate the remainder when 671184 is divided by 3023.
78
What is the remainder when 417698 is divided by 832?
34
What is the remainder when 100103 is divided by 3802?
1251
What is the remainder when 57062 is divided by 569?
162
Calculate the remainder when 1680881 is divided by 34303.
34
What is the remainder when 57038 is divided by 4520?
2798
What is the remainder when 404963 is divided by 4049?
63
Calculate the remainder when 470855 is divided by 338.
21
Calculate the remainder when 1083950002 is divided by 205.
202
What is the remainder when 250408 is divided by 83337?
397
What is the remainder when 986867 is divided by 89714?
13
Calculate the remainder when 745045 is divided by 248144.
613
What is the remainder when 30842563 is divided by 836?
15
Calculate the remainder when 66929327 is divided by 43.
42
Calculate the remainder when 61528629 is divided by 8098.
25
Calculate the remainder when 3960099 is divided by 5973.
0
Calculate the remainder when 104966 is divided by 5830.
26
What is the remainder when 2312115 is divided by 210?
15
Calculate the remainder when 235482790 is divided by 112.
102
Calculate the remainder when 2971020 is divided by 6403.
28
Calculate the remainder when 953143 is divided by 6573.
58
Calculate the remainder when 148749 is divided by 7.
6
What is the remainder when 14326 is divided by 7881?
6445
Calculate the remainder when 25176111 is divided by 48046.
7
What is the remainder when 10414 is divided by 2477?
506
Calculate the remainder when 2259097 is divided by 112952.
57
What is the remainder when 184179 is divided by 5518?
2085
What is the remainder when 2747038 is divided by 141?
76
Calculate the remainder when 19828584 is divided by 62.
54
What is the remainder when 235929433 is divided by 7?
5
What is the remainder when 14722654 is divided by 2944522?
44
What is the remainder when 1083979 is divided by 270978?
67
What is the remainder when 16855343 is divided by 4213810?
103
What is the remainder when 860348 is divided by 3630?
38
What is the remainder when 115013535 is divided by 836?
835
What is the remainder when 22413642 is divided by 11?
9
Calculate the remainder when 284004759 is divided by 295.
294
Calculate the remainder when 1844402 is divided by 92219.
22
What is the remainder when 18058065 is divided by 1218?
1215
Calculate the remainder when 93423 is divided by 2123.
11
Calculate the remainder when 7585030 is divided by 39.
37
What is the remainder when 2086249 is divided by 125?
124
What is the remainder when 370882 is divided by 370381?
501
Calculate the remainder when 1266460 is divided by 115118.
162
Calculate the remainder when 70069 is divided by 666.
139
What is the remainder when 300981 is divided by 18?
3
Calculate the remainder when 1603327 is divided by 20822.
33
Calculate the remainder when 5289626 is divided by 1718.
1622
What is the remainder when 145857 is divided by 7924?
3225
What is the remainder when 108694 is divided by 107337?
1357
What is the remainder when 158304 is divided by 52746?
66
Calculate the remainder when 12780887 is divided by 642.
593
Calculate the remainder when 112660864 is divided by 154.
8
Calculate the remainder when 421057 is divided by 105200.
257
What is the remainder whe